 the prime factors of d?
2, 13, 67
Let x(j) = -j**2 + 10*j + 11. Suppose 23 + 10 = 3*d. Let l be x(d). Suppose l = -3*z + 47 - 11. List the prime factors of z.
2, 3
Let t(r) = -r**3 - 3*r**2 + 6*r + 10. Let z be t(-4). Suppose -6*s = -5*s - z. List the prime factors of s.
2
Let m(f) = 13*f**2 - f - 1. Suppose 2*z + 9 = 7. Let c be m(z). Suppose 3*l - c = 2*l. List the prime factors of l.
13
Let c(o) = -o**3 + 7*o**2 + 8*o + 2. Let f be c(8). Suppose -7 - 19 = -f*h. What are the prime factors of h?
13
Let t be (3/((-18)/4))/(6/(-216)). Suppose -t*u = -31*u + 287. List the prime factors of u.
41
Suppose -1 - 5 = 2*j. Let l = j - -21. What are the prime factors of l?
2, 3
Let j = -20 + 62. Suppose 48*a - 870 = j*a. List the prime factors of a.
5, 29
Suppose 39 = 3*f - 12. Suppose -6*b = 177 - 135. Let p = f - b. What are the prime factors of p?
2, 3
Let w(n) = 92*n**2 + 15*n + 20. List the prime factors of w(-2).
2, 179
Let a be ((-7)/2)/(1/(-4)). Let k = 16 - a. Suppose k*o + 32 = 6*o. List the prime factors of o.
2
Let x be 2/(-12) + 865/6. Suppose -3*w = 2*w - 3*b - x, 0 = -b + 2. What are the prime factors of w?
2, 3, 5
Let j be (((-1)/(-2))/((-1)/94))/(-1). Let r = -36 + j. What are the prime factors of r?
11
Let y = -64 + 56. Let v = 25 - y. List the prime factors of v.
3, 11
Let c(x) = -49*x - 91. What are the prime factors of c(-13)?
2, 3, 7, 13
Let g(p) = -10 + 51*p - 5 - 2. List the prime factors of g(4).
11, 17
Let c(o) = o**3 + 18*o**2 + o + 22. Let m be c(-18). Let h(a) = 8*a**2 - 4*a + 11. List the prime factors of h(m).
3, 41
Suppose 1297 = 2*h + 257. Suppose -2*t = 3*t - h. Let o = t - 52. List the prime factors of o.
2, 13
Let y = 10 - -27. Suppose 0 = -3*v - 5*p + y, -p - 3 = -4*v + 2*v. Suppose 3*c + 2*g = -27 + 124, -v*c = 5*g - 141. List the prime factors of c.
29
Let g = -107 + 106. What are the prime factors of g + 3 - -150 - (2 - 3)?
3, 17
Let i be 5/20*28*1. Let r = 40 + i. What are the prime factors of r?
47
Let i(b) = 18*b**2 + 15*b**2 - 1 + 38*b**2 - 2*b. What are the prime factors of i(-1)?
2, 3
Let h(u) = -u**2 - 27*u - 20. What are the prime factors of h(-10)?
2, 3, 5
Let o = 12 - 8. Suppose 2*q - 3*q - o*h - 14 = 0, 5*q - 30 = 5*h. What are the prime factors of (-3)/(-3)*q*2?
2
Let i(r) = r**2 + 3*r - 12. Let x be i(-7). Let v = x - -4. What are the prime factors of v?
2, 5
Suppose 19 - 21 = -g. Suppose 2*r = z + 12 + g, 2*r - 26 = 4*z. Suppose r*p - 4 = -4*o + 9, 0 = -o - 3*p - 2. List the prime factors of o.
7
Let o(i) = i**3 + 5*i**2 - 4*i + 6. Let d be o(-6). Let t be 1 - 2*453/d. Suppose -11*l + t = -7*l. What are the prime factors of l?
2, 19
Let n(c) = -c - 5. Let l be n(-15). Let z be (-156)/l*(-35)/14. Suppose -4*w + 171 = z. List the prime factors of w.
3, 11
What are the prime factors of 1811 + -10 - (-5)/(-2)*-2?
2, 3, 7, 43
Let v = 3661 + -67. What are the prime factors of v?
2, 3, 599
Let f = 2725 + -715. List the prime factors of f.
2, 3, 5, 67
Let i = -1326 + 1280. Let y be (20/6)/((-4)/(-102)). Let t = i + y. What are the prime factors of t?
3, 13
Suppose s - 2*q = -0*q + 6, 2*q = 2*s - 18. Let h(t) = t - 10. Let w be h(s). List the prime factors of 3 - 0*(-3 + w).
3
Let d be 4/(-1)*(-1)/((-4)/78). Let h = 85 - d. What are the prime factors of h?
163
Let n = 6 - 4. Let t(i) = -n - 2 + 3*i - 4 + 3*i. What are the prime factors of t(4)?
2
Let i(h) = h**3 + 7*h**2 + 9*h + 9. Let x be i(-6). Let w = x - 6. What are the prime factors of (5/w)/((-2)/264)?
2, 11
List the prime factors of (-17994)/(-42) - (18/(-7) - -2).
3, 11, 13
Suppose -11200 - 13649 = -11*x. List the prime factors of x.
3, 251
Let l(d) = -d**3 - 10*d**2 + 55*d + 99. What are the prime factors of l(-23)?
5711
Let x(w) = -w - 3. Let q be x(-7). Suppose 4*l + 384 = q*o, -o + 60 + 33 = -4*l. List the prime factors of o.
97
Let n(v) = -4*v**3 - 10*v**2 - 29*v - 18. List the prime factors of n(-9).
3, 29
Suppose 2*m = -2*j - 332, 3*m + 226 = 5*j - 248. Let g = -91 - m. List the prime factors of g.
2, 3
Suppose 73 = 7*r - 6*r. Let h = r + -38. Suppose 0*a + 5*a = h. List the prime factors of a.
7
Let t(i) = 4*i**2 - 11*i - 3. Let q = 67 - 58. List the prime factors of t(q).
2, 3, 37
Suppose 19*k - 10418 - 2464 = 0. List the prime factors of k.
2, 3, 113
Let q(c) = -c**3 + c**2 + c - 1. Let m be q(0). List the prime factors of 13*13 + ((-3)/(-1))/m.
2, 83
Suppose 9*s - 48 = 6*s. Suppose -18*y = -s*y - 144. What are the prime factors of y?
2, 3
Suppose 1875 = 18*j - 1329. List the prime factors of j.
2, 89
Let o be (0 + (0 - 0))/1. Suppose 81 = -o*b + 3*b. List the prime factors of b.
3
Let x = 95 - 6. Let d = 164 - x. Suppose -125 = -5*g - 4*b, -2*g = g - 2*b - d. What are the prime factors of g?
5
Let h = 17 + -14. Suppose -7*j + 2*j + 5 = -3*o, -h*j - 13 = -5*o. What are the prime factors of j/((-4)/(-1) + -3)?
2
Let f(j) = -3*j**3 - 25*j**2 - 20*j - 2. List the prime factors of f(-11).
2, 593
Let g = -337 + 3388. List the prime factors of g.
3, 113
List the prime factors of -3 + 2381 + (4 - (-5 + 9)).
2, 29, 41
Let h(l) = -l**2 + 2*l + 3. Let p be h(10). Let c = p + 133. Suppose -2*m = -0 + 8, -4*d + 4*m + c = 0. What are the prime factors of d?
2, 5
Suppose 6*f + 3*m - 13 = f, 0 = 3*f - 4*m - 2. Let a = 7 + -5. List the prime factors of 22/a - f - 2.
7
Let f(k) = 2*k**3 + 3*k**2 + 2*k. Let c be f(-2). Let s be (12/15)/(c/(-220)). Let h = -20 + s. What are the prime factors of h?
2
Let m = -3 + 5. Suppose -q - 6 = m*q. List the prime factors of q/15 + 985/75.
13
Let t = 6 - -9. Suppose -u + 52 = 3*m, 4*u - 79 = -3*m - t. Suppose x - m = -0*x. List the prime factors of x.
2
Let c(w) = -18*w + 9*w + 0*w. Let j be c(4). List the prime factors of 21/(-2)*j/21.
2, 3
Let m = 8 + -4. List the prime factors of (165/m)/(42/112).
2, 5, 11
Let v = -8 - -24. Suppose -4*q = -3*n - 20 - v, -4*n - 4 = 2*q. Suppose f + 45 = q*f. What are the prime factors of f?
3
Let v = -14 - -14. Suppose v*p + 2*p - 2*f - 90 = 0, 0 = -p + 4*f + 54. List the prime factors of p.
2, 3, 7
Suppose 6*g + 0*g - 1344 = 0. Suppose -2*n = -5*u + n + g, 2*u - 90 = n. What are the prime factors of u?
2, 23
Let j(m) = 31*m**2 - 3*m + 1. Let d be j(4). Let k = -244 + d. What are the prime factors of k?
241
Let o be (-2)/(-5) - (-1452)/20. Let v be 8/2*74/8. Suppose o = 5*i - 4*q, -q + v = 2*i - 0*i. List the prime factors of i.
17
Suppose 7*k - 2 = 6*k. Suppose 4 = -t, k*h + t + 5 = -11. What are the prime factors of (-1 - h)*(-1)/(-1)?
5
Let q(v) = 36*v - 61. List the prime factors of q(18).
587
Let u be ((-17)/(-51))/((-2)/(-6)). List the prime factors of (u + 0)*(7 - -28).
5, 7
What are the prime factors of ((-20)/(-130) + (-38756)/104)*-6?
3, 5, 149
Let x(f) = f**3 + 18*f**2 + 29*f + 18. Let b be x(-16). Suppose 0 = 10*y + 6 - b. What are the prime factors of y?
2, 3
Let x = 203 + -123. Let m = -46 + x. What are the prime factors of m?
2, 17
Suppose 3*p = 2*t - 1033, 3*t + 4*p - 636 = 922. What are the prime factors of t?
2, 7, 37
Let k = -16 + 16. Suppose k = -q - 4*q + 110. List the prime factors of q.
2, 11
Let g = -56 + 60. Suppose 3*t - o - g = 90, -54 = -2*t + 5*o. What are the prime factors of t?
2
Suppose -8*k + 5 = -7*k. Suppose -5*f - 2*v = -42, -5*v + 8*v - 38 = -k*f. What are the prime factors of f?
2, 5
Let f(u) = 18*u - 3. Suppose -3*b + 4*b - 2 = 0. List the prime factors of f(b).
3, 11
Let d = -220 - -45. Let h = d + 266. What are the prime factors of h?
7, 13
Let j = -2152 + 4700. List the prime factors of j.
2, 7, 13
Suppose u = 4*u - 3. Let k be (-5)/u - (-3 - 0). List the prime factors of k/(-7) + (-40)/(-7).
2, 3
Let p = -247 + 546. What are the prime factors of p?
13, 23
Let s(m) = 35*m**2 - 83*m - 53. What are the prime factors of s(9)?
5, 11, 37
Let b(t) be the second derivative of -5*t**3/3 - 43*t**2/2 - 20*t. What are the prime factors of b(-10)?
3, 19
Let s be (-6)/3 + -2 - -30. Let g = 69 - s. Suppose 51 = u + 5*c, -3*u - 3*c = -4*u + g. What are the prime factors of u?
2, 23
List the prime factors of (-3)/5 - (-17292)/20.
2, 3
Suppose -2*m - 3*m = -5*u + 370, -3*u = 5*m + 402. Let g = -25 - m. List the prime factors of g.
53
Let a(r) = -6*r - 66. Let u(l) = -2*l - 22. Let v(g) = 5*a(g) - 16*u(g). List the prime factors of v(-9).
2
List the prime f